{"id":96,"date":"2015-03-02T01:48:34","date_gmt":"2015-03-02T01:48:34","guid":{"rendered":"https:\/\/crediber.pt\/?page_id=96"},"modified":"2015-04-21T13:20:19","modified_gmt":"2015-04-21T13:20:19","slug":"produtos","status":"publish","type":"page","link":"https:\/\/www.crediber.pt\/?page_id=96","title":{"rendered":"Produtos"},"content":{"rendered":"<p><strong>Seguros de Cr\u00e9ditos<\/strong><\/p>\n<p>As surpresas v\u00eam sempre de onde n\u00e3o esperamos.<br \/>\nDe 2010 a 2014, Portugal registou anualmente um n\u00famero m\u00e9dio de 6777 empresas em processo de insolv\u00eancia.<\/p>\n<p>E os seus cr\u00e9ditos s\u00e3o dos poucos ativos que ainda n\u00e3o est\u00e3o seguros?<\/p>\n<p>A Crediber prop\u00f5e-lhe o estudo inicial, o acompanhamento e a gest\u00e3o personalizada do seu contrato de seguro de cr\u00e9ditos, otimizando-o em fun\u00e7\u00e3o das carater\u00edsticas do seu neg\u00f3cio e avaliando a melhor oferta no mercado, em cada momento.<\/p>\n<p><strong>Outros produtos<\/strong><br \/>\nFactoring<br \/>\nPlanos Poupan\u00e7a-Reforma<br \/>\nSeguro de Cau\u00e7\u00e3o<br \/>\nSeguro Autom\u00f3vel<br \/>\nSeguro de Acidentes de Trabalho<br \/>\nSeguro Multiriscos<br \/>\nSeguro de Perdas de Explora\u00e7\u00e3o<br \/>\nSeguro de Responsabilidade Civil<br \/>\nSeguro de Transportes de Mercadorias<br \/>\nSeguros de Avaria de M\u00e1quinas<br \/>\nSeguro de Acidentes Pessoais<br \/>\nSeguro de Colheitas<br \/>\nSeguros Agr\u00edcolas<br \/>\nSeguro de Viagem<br \/>\nSeguro de Animais Dom\u00e9sticos<br \/>\nSeguro de Ca\u00e7a<br \/>\nSeguro de Sa\u00fade<br \/>\nSeguro de Vida<\/p>\n","protected":false},"excerpt":{"rendered":"<p>Seguros de Cr\u00e9ditos As surpresas v\u00eam sempre de onde n\u00e3o esperamos. De 2010 a 2014, Portugal registou anualmente um n\u00famero m\u00e9dio de 6777 empresas em processo de insolv\u00eancia. E os seus cr\u00e9ditos s\u00e3o dos poucos ativos que ainda n\u00e3o est\u00e3o seguros? A Crediber prop\u00f5e-lhe o estudo inicial, o acompanhamento e a gest\u00e3o personalizada do seu [&hellip;]<\/p>\n","protected":false},"author":1,"featured_media":0,"parent":0,"menu_order":0,"comment_status":"open","ping_status":"open","template":"","meta":{"footnotes":""},"_links":{"self":[{"href":"https:\/\/www.crediber.pt\/index.php?rest_route=\/wp\/v2\/pages\/96"}],"collection":[{"href":"https:\/\/www.crediber.pt\/index.php?rest_route=\/wp\/v2\/pages"}],"about":[{"href":"https:\/\/www.crediber.pt\/index.php?rest_route=\/wp\/v2\/types\/page"}],"author":[{"embeddable":true,"href":"https:\/\/www.crediber.pt\/index.php?rest_route=\/wp\/v2\/users\/1"}],"replies":[{"embeddable":true,"href":"https:\/\/www.crediber.pt\/index.php?rest_route=%2Fwp%2Fv2%2Fcomments&post=96"}],"version-history":[{"count":3,"href":"https:\/\/www.crediber.pt\/index.php?rest_route=\/wp\/v2\/pages\/96\/revisions"}],"predecessor-version":[{"id":111,"href":"https:\/\/www.crediber.pt\/index.php?rest_route=\/wp\/v2\/pages\/96\/revisions\/111"}],"wp:attachment":[{"href":"https:\/\/www.crediber.pt\/index.php?rest_route=%2Fwp%2Fv2%2Fmedia&parent=96"}],"curies":[{"name":"wp","href":"https:\/\/api.w.org\/{rel}","templated":true}]}}